 - (-4)/(-2). What is u(o)?
-1
Let p(r) = r**3 - 2*r**2 - 4*r - 2. Suppose 0 = 4*y + 3*c + 5, -2*c - 8 = 3*y - 4*c. Determine p(y).
-10
Suppose 0*v = 4*v - 16. Let h(q) be the second derivative of -q + 0 + 1/12*q**4 + 2*q**2 - 2/3*q**3. What is h(v)?
4
Let h(k) = 2*k - 1. Let p be h(2). Suppose -5*d + 4*d - 2 = -z, -2 = p*d - 4*z. Let q(v) = -v**2 - 6*v - 1. Determine q(d).
-1
Let x(c) = c - 8*c**3 + 4 + 1 - c**2 + 7*c**3. What is x(0)?
5
Let c(y) = -5 + 5 + 6*y + 7 + y**3 - 8*y**2. What is c(7)?
0
Let o(j) = 3*j + 4*j - 4*j - 2 + 0. Calculate o(-2).
-8
Suppose -t - 16 = -5*t. Let k(z) = -2*z + 4. Determine k(t).
-4
Let p be 2/4*-3*-4. Let a(d) be the second derivative of -d**4/12 + d**3 + 2*d**2 + 8*d - 5. Determine a(p).
4
Let c(u) = 5*u**2 + u + 3. Let l(k) = -14*k**2 - 3*k - 8. Let h(r) = -17*c(r) - 6*l(r). Let g(w) be the first derivative of h(w). Give g(1).
-1
Suppose 0 = -2*w + 4*g, 0*g + g = -3*w - 21. Let d(v) = 2*v + 5. What is d(w)?
-7
Let d(v) = 0 + 2*v + 0 - 2*v**2 + 1. Let p = -476 - -474. Give d(p).
-11
Suppose t + 5*q - 2 = 13, 2*t + 2 = -2*q. Let o(u) = u + 3. Calculate o(t).
-2
Let q(k) be the first derivative of -3*k**2 + 8*k + 5/3*k**3 + 1/4*k**4 - 2. Determine q(-6).
8
Let m(j) be the third derivative of -1/6*j**3 - 1/12*j**4 + 2*j**2 + 0*j - 1/60*j**5 + 0. Let x(a) = -a**2 + 6*a - 3. Let z be x(6). Determine m(z).
-4
Let r(w) be the second derivative of -w**5/20 - w**4/12 - w**3/6 + w**2 + 2*w. Let h be r(-2). Suppose -5*c - 3 = -h. Let b(q) = -3*q + 1. Determine b(c).
-2
Let i(n) = n**3 - 6*n**2 - 7. Let a = -45 - -51. Determine i(a).
-7
Let w(l) be the third derivative of l**4/24 - 10*l**2. Determine w(7).
7
Let j(g) = 6*g. Let f(d) = -2*d**2 - 7*d + 5. Let a be f(-4). Calculate j(a).
6
Let f = 9 + -4. Let z(b) = -b**3 + 5*b**2 - b. Calculate z(f).
-5
Let o(z) = 6*z + 2 - 2 + z**2 - 2*z**2 - 2. Suppose 22 = 5*p - 3. Suppose p*h - 4 = 16. Determine o(h).
6
Let t(g) = g**2 - 8*g - 49. Let o be t(12). Let h(l) = 9*l**2 + 6*l - 5. Let w(f) = -10*f**2 - 7*f + 6. Let z(s) = -6*h(s) - 5*w(s). Give z(o).
-3
Let c(n) be the third derivative of n**6/40 + n**3/6 - 2*n**2. Determine c(-1).
-2
Let a(n) = n**3 + n**2 + n - 1. Let h(q) = 4*q**3 + 2*q**2 + 3*q - 5. Let y(m) = -3*a(m) + h(m). Calculate y(-2).
-14
Let t(u) = u - 2. Suppose 0 = -8*s + 54 - 6. Calculate t(s).
4
Suppose 2*m = 3*m + 7. Let c = m + 5. Let r(d) = 2*d**3 - 5*d**2 + 3*d**2 - 2*d**3 - d**3 - 1. Calculate r(c).
-1
Let o(c) = 5*c**2 - 14. Let u(i) = -4*i**2 + 13. Let r(p) = 5*o(p) + 6*u(p). Calculate r(0).
8
Suppose -4*y - y = 0. Suppose y = m + 1, -8 = 5*q - 0*m + 3*m. Let u(t) = -2*t + 1. Give u(q).
3
Let o(t) be the second derivative of -t**4/4 - t**3/6 + 3*t. Determine o(1).
-4
Let a(k) = 4*k**3 + 4*k**2 + 2*k - 1. Let y(x) = -x**3 - x + 1. Let o(c) = -a(c) - 5*y(c). Calculate o(4).
8
Suppose -2*o = 2*n, 5*n = -0*n + 2*o + 28. Suppose -n*s + 3*s = 2. Let k(l) = 0 - 3*l**2 - 3 - 5*l**3 - 2*l + 3*l**3. What is k(s)?
5
Let m(u) = 4*u. Let f(y) be the second derivative of -y**5/20 + 2*y**4/3 - 3*y**2/2 - 2*y. Let s be f(8). Determine m(s).
-12
Let f(v) be the first derivative of 0*v - 7/6*v**3 + 1/60*v**5 - 1/2*v**2 + 4 - 1/24*v**4. Let c(m) be the second derivative of f(m). Determine c(0).
-7
Let i be (-2)/(-3) - 150/(-18). Let s(l) = 7 + 3*l**2 - 5 - 4*l**2 - 10 - i*l. Calculate s(-6).
10
Let d(h) = -7*h + 4. Let n(o) = -o**3 + o**2 + 3*o - 3. Let l be n(0). What is d(l)?
25
Let z(p) be the third derivative of 7*p**2 + 0 - 1/60*p**5 + 0*p + 1/24*p**4 + 0*p**3. What is z(1)?
0
Suppose -4*p = -g + 2*g + 26, 2*g - 4*p + 16 = 0. Let u be (-2)/7 - 18/g. Let h(d) = -4 + 2*d + 1 + 4*d + 4. Determine h(u).
7
Let o = 1 - 2. Let b(p) be the first derivative of 3*p**2/2 - p + 19. What is b(o)?
-4
Let p = 8 - 5. Let i = 2 + 1. Suppose i*k + 5 = -c + 2*k, 3*c + p = 3*k. Let o(d) = -d**2 - 2*d - 3. Determine o(c).
-6
Let v(n) = n**3 + 8*n**2 - 10*n - 11. Let k(g) = -g - 22. Let s be k(-13). What is v(s)?
-2
Let z(r) be the third derivative of -r**6/15 + r**5/60 - r**4/24 + r**3/6 - r**2. Let g be (-1)/((3 + -2)/(-1)). Suppose 0 = -2*c + c + g. What is z(c)?
-7
Let b(z) = 4*z**3 - 2*z + 1. Suppose -2*r + 3*r = 5*n + 26, 2*n = -3*r - 7. Calculate b(r).
3
Let g(v) be the first derivative of -v**2/2 + 4*v + 53. Calculate g(3).
1
Let a(r) = -r**3 - 6*r**2 - 6*r - 2. Let w(v) be the first derivative of v**2 - 2/3*v**3 + 1 - v. Let p be w(2). Determine a(p).
3
Let i(c) = c**3 + 8*c**2 - 6*c + 7. Let k(m) = m**2 - m + 1. Let u be k(1). Let y(q) = q**3 + q**2 - q + 1. Let j(x) = u*i(x) - 2*y(x). Give j(5).
10
Let i(n) be the third derivative of 0 - 1/12*n**4 + 3*n**2 + 1/2*n**3 - 1/120*n**5 + 0*n. Let t(a) be the first derivative of i(a). Give t(-2).
0
Let r(y) = -2*y**2 + 3*y - 6. Let n = 2 + -10. Let u(z) = z**2 - 2*z**2 - 17 + 9*z - 5*z**2. Let h(s) = n*r(s) + 3*u(s). Calculate h(2).
-5
Let q = 2 - -1. Suppose r - 8 = -2*c, q = 3*r - 3. Let d(g) = g**3 - 3*g**2 + g + 2. Calculate d(c).
5
Let u = 0 - 1. Let v(h) be the second derivative of 3*h**4/8 + h**3/6 + h**2 + 3*h. Let q(a) be the first derivative of v(a). Determine q(u).
-8
Let v(q) be the third derivative of -q**6/120 + 11*q**5/60 + 11*q**4/24 + 2*q**3 + q**2. What is v(12)?
0
Let a(z) = 2*z - 13. Let t be a(9). Let d(p) = 2*p - t*p + 0 - 2 - 2. Calculate d(-3).
5
Let y(f) = 2*f + 3. Suppose -4*k - 9 = -5*k. Let n = 14 - k. Let o(t) = t**2 - 6*t + 3. Let z be o(n). Determine y(z).
-1
Let x(q) = -q + 11. Let h be x(0). Suppose -2*o = -2*j + o - 4, h = 5*j + 3*o. Let k(v) = -2*v + 10*v**3 + 0*v - 2*v**3 + 1. Give k(j).
7
Let t(s) be the first derivative of -2*s**2 + s + 3. Suppose -l = 5*j + 10 - 3, -j + 7 = -4*l. Give t(j).
5
Let c(y) = 6*y**3 + y**2 - 5*y. Let h(g) = -3*g**3 + 2*g. Let f(p) = -4*c(p) - 9*h(p). Determine f(2).
12
Let g(h) = -18*h**3 + 13*h**3 - 3*h**2 - 3*h + 3*h**3. Calculate g(-2).
10
Let o(g) = g**2 + 6*g - 4. Suppose -21 = 8*s + 27. Calculate o(s).
-4
Suppose 2 + 1 = 3*p. Let w = 5 - 3. Let m(o) = -6 + o**w - 1 + p + 3*o + 0*o. Give m(-5).
4
Let m be (-2)/(-8) - (-30)/8. Let a be m/3*18/4. Let b(t) = t**2 - 6*t - 1. Give b(a).
-1
Suppose -v = 1, -16 = -2*b + 2*v + 2. Suppose -3*z - 1 = -2*l - b*z, 12 = 4*z. Let m(h) = -h - 3. Calculate m(l).
4
Let z = -18 + 19. Let x(m) = -7*m**2 - 1. Determine x(z).
-8
Let r(l) = -2*l + 3. Let j = -19 - -22. What is r(j)?
-3
Let q = -10 - -13. Let d(b) = 2*b**q - 9 - 3*b + 10 + b - 11*b**3. Calculate d(1).
-10
Let o(y) be the first derivative of y**3/3 - y**2/2 + y - 8. What is o(0)?
1
Let k(y) = y + 8. Suppose -3*w = -8*w + 5, -5*d + 2*w + 48 = 0. Let z = -10 + d. Determine k(z).
8
Let y(h) = -7*h + 5. Let x(q) = -9*q + 6. Let w(l) = 4*x(l) - 5*y(l). What is w(0)?
-1
Let j be 2*(0 + 0 + -1). Let h(a) = 1 + 3 - 7*a**2 + a - 2 + 6*a**2 - a**3. Determine h(j).
4
Let z(y) = y - 7. Let f be z(4). Let g(o) = -o + 1. Let u(c) = 9*c - 2. Let v(m) = 6*g(m) + u(m). What is v(f)?
-5
Let c(y) = -y**2 + 3*y**2 + 8*y**2 - 2 - 3*y - y**2. Let v(r) = r**2 - r - 1. Let m(x) = -c(x) + 2*v(x). Give m(-1).
-8
Let k(j) = 3*j - 6. Let m(o) = -10*o + 18. Let z(g) = 7*k(g) + 2*m(g). Calculate z(6).
0
Let h be (-12)/(-2)*6/4. Let x = -4 + h. Let r(p) = -p + 6. What is r(x)?
1
Let v = -80 + 76. Let h(z) = -2*z**2 - 4*z + 1. What is h(v)?
-15
Let s be (-3 - -1)*10/4. Let b(y) = 19*y + 4. Let i(v) = 0 - 4 + 1 - 13*v. Let x(o) = s*b(o) - 7*i(o). Calculate x(1).
-3
Let l(r) = 2*r - 9. Let p(i) = i - 2. Let n(a) = -l(a) + 6*p(a). Let k(z) = -z. Let y be k(-2). What is n(y)?
5
Let g(t) = -2*t**2 + 4*t - 4. Let d be (-9 - -13)/(8/6). Give g(d).
-10
Let n be (2 - 13/2)*-2. Let a(c) = 5 + 2*c**2 - 12 - c + 4*c + n. Suppose -x + 0 = 2. Calculate a(x).
4
Let j = 4 + -9. Let b(m) = 4*m + 7. Let y(z) = 25*z + 41. Let o(i) = 13*i + 21. Let h(k) = 11*o(k) - 6*y(k). Let r(x) = -5*b(x) - 3*h(x). Calculate r(j).
5
Let a(h) = -h + 1. Let c(t) = -t**3 - 5*t**2 + 11*t - 5. Let v(o) = 5*a(o) + c(o). Let x(d) = d - 9. Let m be x(3). Give v(m).
0
Let h(m) = -m**2 - m. Let o(q) = -q**2 - q + 1. Let v be o(0). Calculate h(v).
-2
Let q(u) = -20*u**2 - 2*u + 14. Let y(n) = -7*n**2 - n + 5. Let d(w) = -6*q(w) + 17*y(w). Calculate d(5).
1
Let y(a) be the second derivative of -a**3/6 + 3*a**2/2 - 23*a. Determine y(9).
-6
